ite?
True
Is 10069340185 a prime number?
False
Is 7595963813 a composite number?
False
Is 4571838109 a composite number?
False
Is 137615431357 a composite number?
True
Is 672879815 prime?
False
Is 7105166191 a prime number?
True
Is 3863151469 composite?
False
Is 890540929 a prime number?
True
Is 3183838597 a prime number?
False
Is 622701091 composite?
True
Is 1760021411 prime?
False
Is 602562557 a composite number?
True
Is 19031251297 composite?
True
Is 32745370337 a composite number?
False
Is 5796021563 a composite number?
True
Is 199495229 composite?
False
Is 1302570019 a prime number?
True
Is 1948802637 prime?
False
Is 935928311 composite?
False
Is 8347936749 prime?
False
Is 17679325145 prime?
False
Is 24212756287 a prime number?
True
Is 426827369 a composite number?
True
Is 316558327 prime?
True
Is 1960485323 composite?
False
Is 402548891 a composite number?
True
Is 379752277 a prime number?
False
Is 1185479677 composite?
False
Is 74475823 a prime number?
False
Is 54809213 composite?
False
Is 778284965 a prime number?
False
Is 15105116951 a composite number?
False
Is 9285409583 prime?
True
Is 146061317938 composite?
True
Is 156701521 a composite number?
False
Is 11858423 prime?
True
Is 5679905719 prime?
True
Is 22356471938 a prime number?
False
Is 15038475443 a composite number?
False
Is 206761589 prime?
False
Is 20805173429 composite?
True
Is 809212753 prime?
False
Is 1073843779 composite?
False
Is 13815006209 composite?
False
Is 37840049629 composite?
True
Is 33604399027 prime?
True
Is 2654503721 prime?
True
Is 13995744493 prime?
True
Is 997113781 a prime number?
False
Is 2402931523 a prime number?
True
Is 5389584287 a composite number?
True
Is 6098180297 a composite number?
True
Is 66552809 prime?
True
Is 716511217 prime?
True
Is 87041209 prime?
False
Is 136277766887 a composite number?
True
Is 30471332767 composite?
True
Is 79455683 composite?
True
Is 11783729138 composite?
True
Is 2603881417 a prime number?
False
Is 98386451615 a composite number?
True
Is 20560147687 composite?
False
Is 41545255819 a prime number?
False
Is 30209557457 a composite number?
False
Is 54911506769 a composite number?
True
Is 4785994637 prime?
True
Is 9535618327 a prime number?
False
Is 21174971 a composite number?
True
Is 9635934337 composite?
True
Is 55330338893 composite?
True
Is 74020861349 a composite number?
False
Is 2054602939 prime?
True
Is 1800215569 composite?
False
Is 53622032117 composite?
True
Is 5151691717 a composite number?
False
Is 225119077 prime?
False
Is 59551178815 composite?
True
Is 27237572207 a composite number?
True
Is 9084058913 a prime number?
False
Is 1372699661 composite?
False
Is 209372662263 composite?
True
Is 3287992469 a prime number?
False
Is 39742304669 a composite number?
False
Is 145080289 a prime number?
True
Is 1188163511 a prime number?
True
Is 1110000523 a prime number?
True
Is 38551741541 a prime number?
True
Is 435229991557 a prime number?
False
Is 7510352039 composite?
False
Is 1910948981 a composite number?
False
Is 405681503 a composite number?
False
Is 424774957 a prime number?
True
Is 1285249751 a composite number?
False
Is 77664082991 a composite number?
True
Is 11589936073 a prime number?
True
Is 199162261 a prime number?
False
Is 361316023 prime?
False
Is 882044461 a composite number?
True
Is 15844448317 composite?
False
Is 26340729953 composite?
True
Is 11919828113 prime?
False
Is 1050537391 prime?
False
Is 11944551 prime?
False
Is 42744799 a composite number?
False
Is 1095109153 a prime number?
True
Is 49205582369 prime?
True
Is 155208513893 a composite number?
True
Is 1553417543 composite?
False
Is 214519789 prime?
False
Is 39510659117 a prime number?
True
Is 180868287889 a composite number?
True
Is 1671359159 a composite number?
True
Is 3052517803 composite?
False
Is 38914585847 a composite number?
False
Is 113902702961 prime?
True
Is 758524007 a prime number?
True
Is 8928779 composite?
False
Is 439054267 composite?
False
Is 378460150919 prime?
True
Is 1337205061 composite?
True
Is 8569563623 a composite number?
False
Is 41462958323 composite?
False
Is 47246976989 a prime number?
False
Is 1087219937 prime?
False
Is 109179381167 prime?
False
Is 32437049833 composite?
False
Is 298370610173 composite?
True
Is 976510159 a composite number?
True
Is 263801089 a composite number?
True
Is 433543183 composite?
False
Is 10775365073 a composite number?
True
Is 75121723331 a prime number?
False
Is 113429974247 a composite number?
False
Is 53861484689 a prime number?
True
Is 32152033081 a prime number?
False
Is 1339842257 composite?
True
Is 20110126273 prime?
False
Is 2049202601 composite?
True
Is 48462328007 composite?
True
Is 630306527 prime?
True
Is 19376076011 prime?
False
Is 46829717821 prime?
True
Is 854316251 a prime number?
False
Is 5150442149 composite?
True
Is 30340802663 composite?
False
Is 200171029 composite?
False
Is 623151525649 prime?
False
Is 7770693461 a prime number?
False
Is 4381849387 a composite number?
True
Is 2116867373 a composite number?
True
Is 2045531921 a prime number?
True
Is 1929678809 a composite number?
True
Is 110264947007 composite?
True
Is 4283355019 a composite number?
True
Is 4570559527 a composite number?
False
Is 29514567163 prime?
True
Is 234552101 a prime number?
False
Is 38647749683 prime?
True
Is 456132349 a prime number?
True
Is 1834811621 a prime number?
True
Is 611721269 prime?
True
Is 339096083 a composite number?
True
Is 863904731 prime?
True
Is 136357931 prime?
False
Is 14093745745 a composite number?
True
Is 521998417 a prime number?
True
Is 8909331919 a composite number?
False
Is 1378550969 prime?
True
Is 398317223 prime?
False
Is 2383643399 a composite number?
True
Is 7239234991 composite?
True
Is 26661005593 a composite number?
False
Is 224761341029 a composite number?
True
Is 62450759227 a composite number?
False
Is 272081926 prime?
False
Is 30601445377 prime?
True
Is 9597623093 a prime number?
True
Is 339029920871 a prime number?
False
Is 177281327 prime?
True
Is 9876036917 a prime number?
True
Is 50498183 composite?
True
Is 46704941383 composite?
True
Is 908805954257 composite?
True
Is 23096869229 composite?
True
Is 1412476189 composite?
True
Is 207065783 a prime number?
True
Is 736322719 composite?
True
Is 258927013 a composite number?
True
Is 56274301 a prime number?
False
Is 102812173 a composite number?
True
Is 27225053171 a composite number?
False
Is 29922789563 a composite number?
True
Is 203556011 a composite number?
True
Is 3029867899 a composite number?
False
Is 412381847 a composite number?
True
Is 840399481 a composite number?
True
Is 52823536177 prime?
True
Is 8255075531 prime?
True
Is 13745024677 a composite number?
False
Is 1520435743 prime?
True
Is 33344129153 a prime number?
False
Is 80118083 composite?
True
Is 16245860471 prime?
True
Is 1033659995 prime?
False
Is 36077141701 a composite number?
True
Is 10570656697 a composite number?
False
Is 1230205133 composite?
True
Is 843335443 prime?
True
Is 16486459103 a prime number?
True
Is 36445875707 composite?
True
Is 84626057543 composite?
True
Is 1352021999 composite?
True
Is 29013012181 a composite number?
False
Is 4616994787 a composite number?
False
Is 91543567 a composite number?
True
Is 2421851351 a composite number?
False
Is 1305122729 composite?
True
Is 36080673515 a prime number?
False
Is 971858201 a prime number?
True
Is 90851748583 prime?
True
Is 23844113 a prime number?
True
Is 19819263209 composite?
True
Is 9285441707 prime?
True
Is 11721080381 a composite number?
True
Is 1728970211 a prime number?
True
Is 8067335641 composite?
True
Is 5171081833 a prime number?
True
Is 42313806131 a composite number?
False
Is 806057303 prime?
False
Is 4320893407 a composite number?
False
Is 2985680483 prime?
False
Is 1536153319 prime?
True
Is 78774824351 prime?
False
Is 1828468091 prime?
True
Is 6796218371 a composite number?
False
Is 4960028041 composite?
False
Is 19331164093 a prime number?
True
Is 356857849 prime?
False
Is 98328833843 a composite number?
True
Is 2256094921 a prime number?
True
Is 112757161763 prime?
True
Is 160620791407 composite?
True
Is 5555308177 prime?
False
Is 181510328443 composite?
True
Is 4151546647 prime?
False
Is 346980839 a prime number?
False
Is 12635115635 prime?
F